{"id":433,"date":"2024-06-28T14:11:27","date_gmt":"2024-06-28T12:11:27","guid":{"rendered":"http:\/\/www.fermedanimation.be\/?page_id=433"},"modified":"2024-06-28T14:11:27","modified_gmt":"2024-06-28T12:11:27","slug":"approches-pedagogiques","status":"publish","type":"page","link":"https:\/\/www.fermedanimation.be\/index.php\/approches-pedagogiques\/","title":{"rendered":"Approches p\u00e9dagogiques"},"content":{"rendered":"\n<p class=\"wp-block-paragraph\"><strong><em>La Ferme d\u2019Animation propose une approche<\/em> SENSIBLE &#8211; ACTIVE &#8211; CONCRETE &#8211; CHARGEE DE SENS <em>(du travail vrai, n\u00e9cessaire et utile !)<\/em><\/strong><\/p>\n\n\n\n<p class=\"has-luminous-vivid-orange-color has-text-color wp-block-paragraph\"><strong>Elevage et cultures<\/strong><\/p>\n\n\n\n<p class=\"wp-block-paragraph\">Les Fermes d\u2019Animation sont par excellence le lieu d\u2019un contact direct et encadr\u00e9 avec les animaux de la ferme, les plantes nourrici\u00e8res, la terre, et tout ce qui les relie.<\/p>\n\n\n\n<p class=\"wp-block-paragraph\">Une attention particuli\u00e8re est accord\u00e9e aux races rustiques et locales, tant pour les animaux que pour les cultures.<\/p>\n\n\n\n<p class=\"wp-block-paragraph\">L\u2019espace et l\u2019encadrement sont adapt\u00e9s \u00e0 une participation active aux soins des animaux, mara\u00eechage et autres activit\u00e9s de la ferme.<\/p>\n\n\n\n<p class=\"wp-block-paragraph\">Plonger ses mains dans la laine d\u2019un mouton, nourrir les poules et r\u00e9colter leurs \u0153ufs, traire une vache, nettoyer les clapiers \u00e0 lapins&#8230; sont autant de contacts privil\u00e9gi\u00e9s avec les animaux de la ferme.<\/p>\n\n\n\n<p class=\"wp-block-paragraph\">Dans le potager ou les cultures plus vastes, les d\u00e9couvertes sont \u00e9galement nombreuses et vari\u00e9es : semer les radis, croquer une carotte qu\u2019on vient de sortir de terre, explorer la vie du compost, participer \u00e0 la fenaison&#8230;<\/p>\n\n\n\n<p class=\"wp-block-paragraph\">La ferme en tant que lieu de production alimentaire est aussi mise \u00e0 l\u2019honneur lors des animations de transformation de ses produits, tels que la fabrication du pain, de la soupe ou du jus de pomme&#8230; et aussi lors de la r\u00e9colte du miel de nos si pr\u00e9cieuses abeilles.<\/p>\n\n\n\n<p class=\"wp-block-paragraph\">Enfin, certaines Fermes d\u2019Animation&nbsp;proposent de compl\u00e9ter leurs animations par la visite d\u2019une exploitation agricole voisine.<\/p>\n\n\n\n<p class=\"has-luminous-vivid-orange-color has-text-color wp-block-paragraph\"><strong>Alimentation saine, alimentation durable<\/strong><\/p>\n\n\n\n<p class=\"wp-block-paragraph\">Aujourd\u2019hui, nos magasins regorgent toute l\u2019ann\u00e9e de fruits et l\u00e9gumes, au point que nous<br>en arrivons \u00e0 oublier nos coutumes et nos traditions alimentaires. Mais d\u2019o\u00f9 viennent-ils, comment sont-ils produits, transport\u00e9s, conditionn\u00e9s, conserv\u00e9s, &#8230; ? Autant de questions qui restent sans r\u00e9ponse dans les rayons des magasins.<\/p>\n\n\n\n<p class=\"wp-block-paragraph\">Les Fermes d\u2019Animation proposent des animations sur le th\u00e8me de l\u2019alimentation durable et \u00e9quilibr\u00e9e comportant des activit\u00e9s allant de la transformation des produits de la ferme \u00e0 des activit\u00e9s sur l\u2019\u00e9quilibre alimentaire.<\/p>\n\n\n\n<p class=\"wp-block-paragraph\">Manger local, de saison, biologique&nbsp;et biodiversifi\u00e9, \u00e9quitable, peu&nbsp;emball\u00e9, solidaire des agriculteurs proches, sont une des mani\u00e8res de d\u00e9cliner l\u2019alimentation durable, c\u2019est-\u00e0-dire celle qui tient compte \u00e0 la fois des aspects \u00e9cologiques, sociaux, politiques et \u00e9conomiques.<\/p>\n\n\n\n<p class=\"wp-block-paragraph\">Mais qu\u2019est ce que c\u2019est que l\u2019alimentation durable ? Y a-t-il une relation entre notre alimentation et le r\u00e9chauffement climatique ? L\u2019utilisation de produits chimiques nuit-elle \u00e0 notre sant\u00e9 ? Notre alimentation est-elle \u00e9quitable, solidaire, &#8230; ? Notre mode de production est-il respectueux de l\u2019environnement ?&#8230; Autant de questions que nous vous proposons d\u2019aborder lors de votre visite.<\/p>\n\n\n\n<p class=\"has-luminous-vivid-orange-color has-text-color wp-block-paragraph\"><strong>Nature et environnement<\/strong><\/p>\n\n\n\n<p class=\"wp-block-paragraph\">Pour respecter la nature, et de l\u00e0, notre environnement, il faut avant tout la conna\u00eetre, la comprendre, l\u2019appr\u00e9cier &#8230;<\/p>\n\n\n\n<p class=\"wp-block-paragraph\">Passer une journ\u00e9e ou quelques jours \u00e0 la Ferme d\u2019Animation au contact des animaux, de la terre, au rythme des saisons, permet cette d\u00e9couverte au travers d\u2019une approche tr\u00e8s concr\u00e8te de notre environnement naturel.<\/p>\n\n\n\n<p class=\"wp-block-paragraph\">De part l\u2019observation des milieux semi-naturels qui entourent nos b\u00e2timents, comme les prairies, les vergers, les haies, les mares, &#8230;, les fermes sont d\u2019excellents outils d\u2019animation pour aborder les notions d\u2019\u00e9cosyst\u00e8me et de cycles naturels.<\/p>\n\n\n\n<p class=\"wp-block-paragraph\">La qualit\u00e9 des produits issus de l\u2019agriculture est \u00e9troitement li\u00e9e \u00e0 la qualit\u00e9 et au respect de notre environnement. Comprendre l\u2019importance des gestes et comportements qui le pr\u00e9servent, fait partie de nos objectifs p\u00e9dagogiques.<\/p>\n\n\n\n<p class=\"wp-block-paragraph\">A cette fin, des animations tr\u00e8s diverses&nbsp;sont d\u00e9velopp\u00e9es sur des th\u00e8mes aussi diff\u00e9rents que le compostage, le cycle de l\u2019eau, le lagunage, les \u00e9nergies renouvelables, le recyclage, &#8230;<\/p>\n\n\n\n<p class=\"has-luminous-vivid-orange-color has-text-color wp-block-paragraph\"><strong>Le Patrimoine<\/strong><\/p>\n\n\n\n<p class=\"wp-block-paragraph\">Les Fermes d\u2019Animation constituent un cadre id\u00e9al pour la d\u00e9couverte de notre patrimoine rural et pour renouer avec les gestes du paysan d\u2019autrefois.<\/p>\n\n\n\n<p class=\"wp-block-paragraph\">D\u00e9couvrir la vie quotidienne au fil des&nbsp;saisons, la communaut\u00e9 villageoise avec ses anciens m\u00e9tiers, ses traditions, lire au travers des pierres et du paysage la vie des hommes qui nous ont pr\u00e9c\u00e9d\u00e9s &#8230; Autant d\u2019occasions pour conna\u00eetre nos racines et susciter le questionnement de fa\u00e7on concr\u00e8te et vivante.<\/p>\n\n\n\n<p class=\"wp-block-paragraph\">C\u2019est une invitation \u00e0 mieux comprendre l\u2019\u00e9volution du monde rural, d\u00e9velopper un esprit critique pour poser de bons choix et imaginer des perspectives d\u2019avenir&#8230;<\/p>\n\n\n\n<p class=\"has-luminous-vivid-orange-color has-text-color wp-block-paragraph\"><strong>Les chevaux et les \u00e2nes<\/strong><\/p>\n\n\n\n<p class=\"wp-block-paragraph\">Depuis des si\u00e8cles, le cheval et l\u2019\u00e2ne accompagnent l\u2019homme aussi bien dans son travail que dans ses voyages. Aujourd\u2019hui, le cheval d\u00e9barde encore en for\u00eat, l\u2019\u00e2ne reprend du service dans le mara\u00eechage mais tous deux nous apportent loisirs et bien-\u00eatre !<\/p>\n\n\n\n<p class=\"wp-block-paragraph\">Aller \u00e0 la rencontre des chevaux et des \u00e2nes :&nbsp;prendre confiance, les&nbsp;observer, apprendre \u00e0 conna\u00eetre leur vie et leurs besoins. Les caresser, les panser, monter sur leur dos, faire de la voltige, parcourir la campagne \u00e0 cheval ou \u00e0 dos d\u2019\u00e2ne ou encore randonner en attelage&#8230;<\/p>\n\n\n\n<p class=\"wp-block-paragraph\">Les approches sont vari\u00e9es et adapt\u00e9es pour chacun.<\/p>\n\n\n\n<p class=\"wp-block-paragraph\">Les chevaux et les \u00e2nes sont \u00e9galement sollicit\u00e9s pour l\u2019hippoth\u00e9rapie et l\u2019asinom\u00e9diation qui s\u2019adressent aux personnes fragilis\u00e9es ou en situation de handicap.<\/p>\n\n\n\n<p class=\"wp-block-paragraph\">C\u2019est une rencontre entre des \u00eatres vivants (cheval ou \u00e2ne, participant et th\u00e9rapeute) dans laquelle, au travers d\u2019exp\u00e9riences tr\u00e8s diverses, la personne va pouvoir s\u2019\u00e9panouir tant sur le plan \u00e9motionnel, physique, psychomoteur et relationnel.<\/p>\n\n\n\n<p class=\"has-luminous-vivid-orange-color has-text-color wp-block-paragraph\"><strong>Approche sensorielle et cr\u00e9ativit\u00e9&#8230;<\/strong><\/p>\n\n\n\n<p class=\"wp-block-paragraph\">La Ferme d\u2019Animation veut amener son public \u00e0 explorer la ferme par la vue, le toucher, l\u2019odorat, l\u2019ou\u00efe, le go\u00fbt. Elle privil\u00e9gie donc un \u00e9veil sensoriel permettant d\u2019aller \u00e0 la rencontre du monde rural.<\/p>\n\n\n\n<p class=\"wp-block-paragraph\">Ici, chacun peut engranger sensations et \u00e9motions, autant de pr\u00e9alables utiles \u00e0 l\u2019expression, au pouvoir&nbsp;cr\u00e9ateur. Lieux o\u00f9 fleurissent des jardins de l\u00e9gumes, naissent laperaux et poussins, agneaux et chevreaux, o\u00f9 l\u2019on carde la laine et d\u00e9fourne les pains&#8230;<\/p>\n\n\n\n<p class=\"wp-block-paragraph\">La Ferme d\u2019Animation est un espace originel parce qu\u2019on y renoue avec l\u2019origine des choses de la vie. On n\u2019apprend pas seulement \u00e0 conna\u00eetre la ch\u00e8vre, on lui caresse&nbsp;l\u2019\u00e9chine, le front, les flans, sous le poil on appr\u00e9hende son ossature, puis on retrouve l\u2019odeur rest\u00e9e sur la main&#8230; <\/p>\n\n\n\n<p class=\"wp-block-paragraph\">En se r\u00e9appropriant les gestes anciens par les activit\u00e9s artisanales, la Ferme d\u2019Animation est une source intarissable de d\u00e9couverte et de cr\u00e9ativit\u00e9.<\/p>\n","protected":false},"excerpt":{"rendered":"<p>La Ferme d\u2019Animation propose une approche SENSIBLE &#8211; ACTIVE &#8211; CONCRETE &#8211; CHARGEE DE SENS (du travail vrai, n\u00e9cessaire et utile !) Elevage et cultures Les Fermes d\u2019Animation sont par excellence le lieu d\u2019un contact direct et encadr\u00e9 avec les animaux de la ferme, les plantes nourrici\u00e8res, la terre, et tout ce qui les relie. &hellip; <\/p>\n<p class=\"link-more\"><a href=\"https:\/\/www.fermedanimation.be\/index.php\/approches-pedagogiques\/\" class=\"more-link\">Continuer la lecture<span class=\"screen-reader-text\"> de &laquo;&nbsp;Approches p\u00e9dagogiques&nbsp;&raquo;<\/span><\/a><\/p>\n","protected":false},"author":2,"featured_media":0,"parent":0,"menu_order":0,"comment_status":"closed","ping_status":"closed","template":"","meta":{"_crdt_document":"","footnotes":""},"class_list":["post-433","page","type-page","status-publish","hentry"],"_links":{"self":[{"href":"https:\/\/www.fermedanimation.be\/index.php\/wp-json\/wp\/v2\/pages\/433","targetHints":{"allow":["GET"]}}],"collection":[{"href":"https:\/\/www.fermedanimation.be\/index.php\/wp-json\/wp\/v2\/pages"}],"about":[{"href":"https:\/\/www.fermedanimation.be\/index.php\/wp-json\/wp\/v2\/types\/page"}],"author":[{"embeddable":true,"href":"https:\/\/www.fermedanimation.be\/index.php\/wp-json\/wp\/v2\/users\/2"}],"replies":[{"embeddable":true,"href":"https:\/\/www.fermedanimation.be\/index.php\/wp-json\/wp\/v2\/comments?post=433"}],"version-history":[{"count":4,"href":"https:\/\/www.fermedanimation.be\/index.php\/wp-json\/wp\/v2\/pages\/433\/revisions"}],"predecessor-version":[{"id":446,"href":"https:\/\/www.fermedanimation.be\/index.php\/wp-json\/wp\/v2\/pages\/433\/revisions\/446"}],"wp:attachment":[{"href":"https:\/\/www.fermedanimation.be\/index.php\/wp-json\/wp\/v2\/media?parent=433"}],"curies":[{"name":"wp","href":"https:\/\/api.w.org\/{rel}","templated":true}]}}

Approches pédagogiques

<p class="wp-block-paragraph"><strong><em>La Ferme d’Animation propose une approche</em> SENSIBLE &#8211; ACTIVE &#8211; CONCRETE &#8211; CHARGEE DE SENS <em>(du travail vrai, nécessaire et utile !)</em></strong></p>



<p class="has-luminous-vivid-orange-color has-text-color wp-block-paragraph"><strong>Elevage et cultures</strong></p>



<p class="wp-block-paragraph">Les Fermes d’Animation sont par excellence le lieu d’un contact direct et encadré avec les animaux de la ferme, les plantes nourricières, la terre, et tout ce qui les relie.</p>



<p class="wp-block-paragraph">Une attention particulière est accordée aux races rustiques et locales, tant pour les animaux que pour les cultures.</p>



<p class="wp-block-paragraph">L’espace et l’encadrement sont adaptés à une participation active aux soins des animaux, maraîchage et autres activités de la ferme.</p>



<p class="wp-block-paragraph">Plonger ses mains dans la laine d’un mouton, nourrir les poules et récolter leurs œufs, traire une vache, nettoyer les clapiers à lapins&#8230; sont autant de contacts privilégiés avec les animaux de la ferme.</p>



<p class="wp-block-paragraph">Dans le potager ou les cultures plus vastes, les découvertes sont également nombreuses et variées : semer les radis, croquer une carotte qu’on vient de sortir de terre, explorer la vie du compost, participer à la fenaison&#8230;</p>



<p class="wp-block-paragraph">La ferme en tant que lieu de production alimentaire est aussi mise à l’honneur lors des animations de transformation de ses produits, tels que la fabrication du pain, de la soupe ou du jus de pomme&#8230; et aussi lors de la récolte du miel de nos si précieuses abeilles.</p>



<p class="wp-block-paragraph">Enfin, certaines Fermes d’Animation&nbsp;proposent de compléter leurs animations par la visite d’une exploitation agricole voisine.</p>



<p class="has-luminous-vivid-orange-color has-text-color wp-block-paragraph"><strong>Alimentation saine, alimentation durable</strong></p>



<p class="wp-block-paragraph">Aujourd’hui, nos magasins regorgent toute l’année de fruits et légumes, au point que nous<br>en arrivons à oublier nos coutumes et nos traditions alimentaires. Mais d’où viennent-ils, comment sont-ils produits, transportés, conditionnés, conservés, &#8230; ? Autant de questions qui restent sans réponse dans les rayons des magasins.</p>



<p class="wp-block-paragraph">Les Fermes d’Animation proposent des animations sur le thème de l’alimentation durable et équilibrée comportant des activités allant de la transformation des produits de la ferme à des activités sur l’équilibre alimentaire.</p>



<p class="wp-block-paragraph">Manger local, de saison, biologique&nbsp;et biodiversifié, équitable, peu&nbsp;emballé, solidaire des agriculteurs proches, sont une des manières de décliner l’alimentation durable, c’est-à-dire celle qui tient compte à la fois des aspects écologiques, sociaux, politiques et économiques.</p>



<p class="wp-block-paragraph">Mais qu’est ce que c’est que l’alimentation durable ? Y a-t-il une relation entre notre alimentation et le réchauffement climatique ? L’utilisation de produits chimiques nuit-elle à notre santé ? Notre alimentation est-elle équitable, solidaire, &#8230; ? Notre mode de production est-il respectueux de l’environnement ?&#8230; Autant de questions que nous vous proposons d’aborder lors de votre visite.</p>



<p class="has-luminous-vivid-orange-color has-text-color wp-block-paragraph"><strong>Nature et environnement</strong></p>



<p class="wp-block-paragraph">Pour respecter la nature, et de là, notre environnement, il faut avant tout la connaître, la comprendre, l’apprécier &#8230;</p>



<p class="wp-block-paragraph">Passer une journée ou quelques jours à la Ferme d’Animation au contact des animaux, de la terre, au rythme des saisons, permet cette découverte au travers d’une approche très concrète de notre environnement naturel.</p>



<p class="wp-block-paragraph">De part l’observation des milieux semi-naturels qui entourent nos bâtiments, comme les prairies, les vergers, les haies, les mares, &#8230;, les fermes sont d’excellents outils d’animation pour aborder les notions d’écosystème et de cycles naturels.</p>



<p class="wp-block-paragraph">La qualité des produits issus de l’agriculture est étroitement liée à la qualité et au respect de notre environnement. Comprendre l’importance des gestes et comportements qui le préservent, fait partie de nos objectifs pédagogiques.</p>



<p class="wp-block-paragraph">A cette fin, des animations très diverses&nbsp;sont développées sur des thèmes aussi différents que le compostage, le cycle de l’eau, le lagunage, les énergies renouvelables, le recyclage, &#8230;</p>



<p class="has-luminous-vivid-orange-color has-text-color wp-block-paragraph"><strong>Le Patrimoine</strong></p>



<p class="wp-block-paragraph">Les Fermes d’Animation constituent un cadre idéal pour la découverte de notre patrimoine rural et pour renouer avec les gestes du paysan d’autrefois.</p>



<p class="wp-block-paragraph">Découvrir la vie quotidienne au fil des&nbsp;saisons, la communauté villageoise avec ses anciens métiers, ses traditions, lire au travers des pierres et du paysage la vie des hommes qui nous ont précédés &#8230; Autant d’occasions pour connaître nos racines et susciter le questionnement de façon concrète et vivante.</p>



<p class="wp-block-paragraph">C’est une invitation à mieux comprendre l’évolution du monde rural, développer un esprit critique pour poser de bons choix et imaginer des perspectives d’avenir&#8230;</p>



<p class="has-luminous-vivid-orange-color has-text-color wp-block-paragraph"><strong>Les chevaux et les ânes</strong></p>



<p class="wp-block-paragraph">Depuis des siècles, le cheval et l’âne accompagnent l’homme aussi bien dans son travail que dans ses voyages. Aujourd’hui, le cheval débarde encore en forêt, l’âne reprend du service dans le maraîchage mais tous deux nous apportent loisirs et bien-être !</p>



<p class="wp-block-paragraph">Aller à la rencontre des chevaux et des ânes :&nbsp;prendre confiance, les&nbsp;observer, apprendre à connaître leur vie et leurs besoins. Les caresser, les panser, monter sur leur dos, faire de la voltige, parcourir la campagne à cheval ou à dos d’âne ou encore randonner en attelage&#8230;</p>



<p class="wp-block-paragraph">Les approches sont variées et adaptées pour chacun.</p>



<p class="wp-block-paragraph">Les chevaux et les ânes sont également sollicités pour l’hippothérapie et l’asinomédiation qui s’adressent aux personnes fragilisées ou en situation de handicap.</p>



<p class="wp-block-paragraph">C’est une rencontre entre des êtres vivants (cheval ou âne, participant et thérapeute) dans laquelle, au travers d’expériences très diverses, la personne va pouvoir s’épanouir tant sur le plan émotionnel, physique, psychomoteur et relationnel.</p>



<p class="has-luminous-vivid-orange-color has-text-color wp-block-paragraph"><strong>Approche sensorielle et créativité&#8230;</strong></p>



<p class="wp-block-paragraph">La Ferme d’Animation veut amener son public à explorer la ferme par la vue, le toucher, l’odorat, l’ouïe, le goût. Elle privilégie donc un éveil sensoriel permettant d’aller à la rencontre du monde rural.</p>



<p class="wp-block-paragraph">Ici, chacun peut engranger sensations et émotions, autant de préalables utiles à l’expression, au pouvoir&nbsp;créateur. Lieux où fleurissent des jardins de légumes, naissent laperaux et poussins, agneaux et chevreaux, où l’on carde la laine et défourne les pains&#8230;</p>



<p class="wp-block-paragraph">La Ferme d’Animation est un espace originel parce qu’on y renoue avec l’origine des choses de la vie. On n’apprend pas seulement à connaître la chèvre, on lui caresse&nbsp;l’échine, le front, les flans, sous le poil on appréhende son ossature, puis on retrouve l’odeur restée sur la main&#8230; </p>



<p class="wp-block-paragraph">En se réappropriant les gestes anciens par les activités artisanales, la Ferme d’Animation est une source intarissable de découverte et de créativité.</p>

<p>La Ferme d’Animation propose une approche SENSIBLE &#8211; ACTIVE &#8211; CONCRETE &#8211; CHARGEE DE SENS (du travail vrai, nécessaire et utile !) Elevage et cultures Les Fermes d’Animation sont par excellence le lieu d’un contact direct et encadré avec les animaux de la ferme, les plantes nourricières, la terre, et tout ce qui les relie. &hellip; </p>
<p class="link-more"><a href="https://www.fermedanimation.be/index.php/approches-pedagogiques/" class="more-link">Continuer la lecture<span class="screen-reader-text"> de &laquo;&nbsp;Approches pédagogiques&nbsp;&raquo;</span></a></p>
